*t + 33. Let z(k) = -k**3 + 4*k**2 + 6*k - 6. Give z(t).
18
Suppose 5*d + 12 = 37. Let k(w) = -w**3 + 4*w**2 + 4*w - 5. Calculate k(d).
-10
Let g(a) = -a**3 + a**2 + a. Let k(c) = -5*c**3 + 9*c**2 + 3*c - 4. Let j(q) = -6*g(q) + k(q). Suppose -d = -0*d + 4. Give j(d).
-8
Let v(g) = g**3 - 4*g**2 + g - 2. Let w be ((-1)/3)/(3/(-27)). Give v(w).
-8
Let w(f) = 64 - 64 + 0*f - 5*f. Calculate w(1).
-5
Let t(o) = 0 - o + 0. Suppose 5*g = 0, 0 = v + 3*g + g - 6. Let r = 7 - v. What is t(r)?
-1
Let r(l) be the second derivative of -5/2*l**2 + 1/20*l**5 - 2/3*l**3 + 0 + 3*l - 5/12*l**4. Determine r(6).
7
Let g(v) be the second derivative of -v**4/3 - v**3/3 + v**2/2 + v. Let a = -7 + 11. Let o = -3 + a. What is g(o)?
-5
Let r(d) = 21*d**3 - d**2 + 5*d. Let x(s) = 4*s**3 + s. Let v(n) = -2*r(n) + 11*x(n). What is v(-1)?
-1
Let f(o) = -8 - 4*o**2 - 2*o**3 + o + 5*o**2 + o**3. Calculate f(0).
-8
Let a be 0/(-1)*1/2. Let x(z) = 2 - 3*z + 7*z**2 + a*z**2 - 5*z**2. Determine x(2).
4
Let y(a) = 33*a + 29*a + 1 - 61*a. Determine y(-7).
-6
Let r(m) = -2 - 2*m**3 - m - 3*m**2 + 5*m**2 - 5*m**2 + 0*m**2. Calculate r(-2).
4
Suppose -4*h - 62 = -3*t + 20, 3*t - 2*h - 74 = 0. Suppose -6*f + 3*f + w = t, 4*f + 12 = -3*w. Let b(a) = 3*a - a - 3 - 3 - 3*a. Calculate b(f).
0
Let a be ((-42)/(-15) + -2)*125. Suppose 0 = -r - 3*r + a. Suppose r = -i - 4*i. Let q(d) = -d**2 - 7*d - 6. Determine q(i).
4
Let h be (12/(-9))/((-2)/3). Suppose -h = 3*r - 8. Let f(l) = 2*l**2 + 3 + l**3 - 2*l**3 - 3*l - l. Give f(r).
-5
Let r(i) = i**3 + i**2 - i + 3. Let f(o) = -o**2 + 5*o - 5. Let l be f(4). Let s = l + 3. Suppose s*q - 15 = -5*y, 4*q - 4*y = -y - 9. Determine r(q).
3
Let w = -2 - -11. Let s be 3*(2 + (-24)/w). Let j(t) = -8*t**2 + t + 7. Let a(b) = -7*b**2 + b + 6. Let k(q) = 5*a(q) - 4*j(q). Give k(s).
-12
Let j(i) = i**2 + 8*i - 8. Let s be (-115)/15 - 6/(-9). Calculate j(s).
-15
Let g = 10 + -8. Suppose -26 = r + 4*r - 2*b, r + 2*b = g. Let l(j) = 3*j + 5. What is l(r)?
-7
Suppose 0 = q - 4*q + 9. Let i(u) = -u**3 + u**2 + 4*u. Give i(q).
-6
Let n be -1 - (0 - 1 - 3). Let h(p) = p**3 - 1 - p + 3*p**2 - 2*p**2 + n. Let i(l) = -l + 5. Let v be i(5). Determine h(v).
2
Let q(k) = -2*k**3 - 2*k**2 + k. Let y(d) = -5*d**3 - 5*d**2 + 2*d + 1. Let m(r) = 8*q(r) - 3*y(r). Suppose 0 = -2*w + w - 3. Determine m(w).
9
Let u(k) be the first derivative of -3*k**2/2 - 5*k + 14. Calculate u(-5).
10
Let d = 237 + -237. Let a(n) be the third derivative of 1/24*n**4 + 1/60*n**5 - n**2 + 4/3*n**3 + 0 + 0*n. Give a(d).
8
Let c(v) = 3 - v - v - 3*v**2 - 1. Suppose -4*z + 75 = z. Suppose -5*t = z, -17 = s + 3*t + 2*t. Give c(s).
-6
Let k(b) = 2 + 2*b**2 + 0*b**2 + 4*b - b**2 + 3*b**2. Suppose 5*n - 5*c + 20 = 0, n + 3*c = 2*c. What is k(n)?
10
Let f be 9/(-36) + 1/4. Let x(u) = -3*u - 3*u + 5*u + f*u. Let n be x(6). Let v(w) = 2*w + 4. Give v(n).
-8
Let l(t) = t**3 - 5*t**2 - 5*t. Let p be l(6). Let j(o) = 40 + 6*o**2 - 8*o - 35 - o**3 + o**2. What is j(p)?
-7
Let n(w) = 3 - 4*w**3 + 7*w + 2*w**3 + 3*w**3 + 6*w**2. Give n(-5).
-7
Let u(o) = -8*o**2 + o + 1. Let v = 0 - -1. Let m(w) = w + 5. Let d be m(-4). Suppose -2*n - v = d. Calculate u(n).
-8
Suppose 2*r + 3*r + 15 = 0. Let y(n) = -n**2 - 4*n + 2. Determine y(r).
5
Let v(j) = -j**2 + j. Let r(z) = -4*z**2 - 2*z + 7. Let n(d) = r(d) - 5*v(d). Calculate n(6).
1
Let b(s) = -19*s + 10. Let p(j) = 6*j - 3. Let u be 12 - (1 - 2)*-2. Let t = 17 - u. Let h(n) = t*p(n) + 2*b(n). Give h(2).
7
Let a(d) = -d**3 - 5*d**2 - 5*d - 3. Let q be (-10)/4*32/(-40). Suppose n = -3*f + 9, 4*n = q*f - 3*f - 8. What is a(n)?
-6
Let q(a) = -a**2 + 5*a + 4. Let d(c) = -4*c - 25. Let i be d(-7). Calculate q(i).
10
Suppose 3*o = -i, -4*i + 3*o - o = 28. Let w(b) be the second derivative of b**4/12 + b**3 + 2*b**2 + 2*b. Determine w(i).
4
Let b(u) = u**2 - 8*u + 7. Let y(f) = -f**3 + f**2 + 6. Let c be y(0). Determine b(c).
-5
Suppose 4*h + 2*i + 11 = -i, 4*i = -20. Let w(s) = -1 - 45*s**2 - 38*s**2 - 5*s**3 + 83*s**2. Give w(h).
-6
Let t(y) = 13*y**2 - 5*y + 17. Let w(m) = 3*m**2 - m + 4. Let g(z) = -2*t(z) + 9*w(z). Calculate g(-2).
4
Let z(s) = -8*s - s**2 - 3 + 11*s + 1 + 6. Calculate z(3).
4
Let a(x) = x**2 + 10*x + 11. Let y be a(-8). Let p(d) = -2*d - 7. Determine p(y).
3
Suppose 0 = -4*h + 2*n, 2*h - 5*n + 8 = -2*n. Let a(g) = -3*g**2 - 2*g**h + 4 + g**3 + 0*g + 3*g. Let x = 11 + -8. Give a(x).
-5
Let m be ((-1)/(-2))/(3/36). Let i = 3 - m. Let d(p) = -p**3 - 4*p**2 - 3*p - 4. Give d(i).
-4
Let p(y) = y - 3. Let v be (2 - 2)/(-3)*1. Determine p(v).
-3
Let y(t) = t**2 - 3*t - 31 + 2*t + 25. Determine y(0).
-6
Suppose -3*j = -3*x + 1 + 2, -3*j + 2 = -2*x. Let f(v) be the third derivative of -v**5/60 + 5*v**4/24 - 5*v**3/6 - 2*v**2. What is f(j)?
-1
Let t be ((-6)/9)/((-4)/6) + 4. Let c(k) be the third derivative of 1/60*k**t - k**2 + 0*k + 5/24*k**4 + 0 + 0*k**3. Calculate c(-4).
-4
Let v(u) = u**2 + 2*u + 9*u**2 + 3 - 2. Let j(k) = -k**2 + 2*k + 3. Let m be j(3). Suppose m = -y + 5*y + 4. Determine v(y).
9
Let z(l) be the third derivative of l**4/24 + l**3/3 - 23*l**2. Calculate z(-7).
-5
Let i(r) be the first derivative of r**2/2 + r + 22. Give i(-1).
0
Let n(a) be the first derivative of a**5/60 - a**4/4 - 2*a**3/3 - 2*a**2 + 1. Let q(x) be the second derivative of n(x). Calculate q(6).
-4
Let u = 199/3 + -66. Let b(i) be the first derivative of -3*i**2 + u*i**3 - 2 + 4*i. Determine b(4).
-4
Suppose -26 = 2*x + 8*l - 12*l, -5*l + 28 = -x. Let c(t) = -4*t**2 - 4*t - 2. What is c(x)?
-26
Let a(w) be the first derivative of -w**4/4 - w**3/3 - w**2 + w - 7. What is a(-2)?
9
Let s(f) = -5*f + 27. Let v(k) = 3*k - 18. Let n(j) = -5*s(j) - 8*v(j). Calculate n(-8).
1
Suppose 14 = -h + 4*k - 0, -1 = 2*h + k. Let p(s) = 4*s - 2. What is p(h)?
-10
Let s = -4 + 4. Let y(b) = b**2 - b + 1. Let f be y(s). Let q(w) = 9*w - 10*w + 1 - 8*w**2 + w**2. Calculate q(f).
-7
Suppose k = y + 2*y - 17, -y = 2. Let q be k/(-5) - 6/10. Let g(p) = p**2 - 5*p + 6. Determine g(q).
2
Let a be (16/12)/((-2)/(-6)). Let l(y) = -y - 6 + a*y - 6*y + 2. Determine l(-3).
5
Suppose 8*i + 5*r - 13 = 4*i, 5*r + 1 = 3*i. Let y(z) = -3 + 0 - z**2 + 0*z - 5*z + 0*z**i. What is y(-3)?
3
Let f be 0/2 - (-2 - 3). Suppose 4*k - f*k = 6. Let o(s) = s**3 + 6*s**2 - s - 1. What is o(k)?
5
Suppose -3*a - u + 22 = -a, -5*a + 2*u + 37 = 0. Let s = -6 + a. Let o(n) be the second derivative of -n**5/20 + n**4/6 - n**3/6 + 2*n**2 + 4*n. Determine o(s).
-8
Let d be (-6)/1*(-7)/(-14). Let x be 1 - (8 + d - 3). Let a(p) = -6*p. Determine a(x).
6
Let u(h) = -h**3 + 3*h**2 + 6*h - 5. Let q be 6/((-1)/2 - -2). Suppose q*w + 8 = -2*s - 6, 0 = -4*w + 3*s + 1. Let d be 6*w/(-3) + 0. Give u(d).
3
Let w(o) be the first derivative of -o**4/4 - 7*o**3/3 + o**2/2 + 8*o - 14. Determine w(-7).
1
Let t(m) be the first derivative of m**4/4 - 4*m**3/3 - 3*m**2 - m - 6. Determine t(5).
-6
Let p = -12 + -4. Let d = p + 13. Let j(f) = 14*f**2 - 12*f + 11. Let u(s) = -5*s**2 + 4*s - 4. Let q(m) = 6*j(m) + 17*u(m). Give q(d).
1
Let y(r) be the first derivative of 3*r**2 - 6*r - 2 + 1/3*r**3. Let i be (3 + 56/(-12))*3. Calculate y(i).
-11
Let n(w) = -3*w**3 - w**2 + w. Suppose -4*x + 16 = 0, x - 7 = -2*l - l. Give n(l).
-3
Suppose 4*f + 10 = 2*i, -14 = -5*i - 0*f - f. Let a(s) = -s**3 + 3*s**2 + 3*s. Determine a(i).
9
Let b(r) = r + 3. Let i(o) = o**3 - 6*o**2 - 9*o + 10. Suppose 4 - 2 = 2*z. Let p(v) = 6*v**3 + v**2. Let x be p(z). Let n be i(x). What is b(n)?
-1
Let m = 19 - 26. Let r(a) = a**3 + 7*a**2 - 2*a - 8. Determine r(m).
6
Let q(w) be the first derivative of -w**4/4 - 7*w**3/3 + 7*w**2/2 - 8*w + 37. Give q(-8).
0
Let w(i) = -2*i + 7. Let g be (-8)/(336/(-234)) - 8/14. What is w(g)?
-3
Let n(b) = -b**2 - 1. Let z be (-1 - (-2)/4)*-2. Let j(x) = -4*x**2 + 7. Let m(s) = z*j(s) + 6*n(s). Determine m(-1).
-9
Let c(g) = 2*g. Let p = 10 - 17. Let j = p + 2. Let n = j - -3. Calculate c(n).
-4
Let a(g) = 10*g + g + 7*g - 21*g + 7. What is a(-6)?
25
Suppose 2*t - 4 = -2. Let v(u) = -5*u**3 - 4. Let j(f) = -f**3 - 1. Let x(k) = -9*j(k) + 2*v(k). Give x(t).
0
Let g(q) be the first derivative of -q**4/4 - 10*q**3/3 - 5*q**2 - 13*q + 3. Let r be g(-9). Let b(l) = -3 + 3 - 1 + l. What is b(r)?
-5
Let w(z) be the third derivative of -5*z**4/